40*t - 2446. Determine u(5).
254
Let a(z) = -z**3 + 63*z**2 + 205*z - 429. Calculate a(66).
33
Let i(o) = 451*o + 908. Determine i(-2).
6
Let x(z) = 3*z**3 + 137*z**2 + 88*z - 91. What is x(-45)?
-1
Let q(h) = -h**2 + 363*h - 726. Determine q(2).
-4
Let w(l) = 4*l**2 + 14*l + 34. What is w(-4)?
42
Let f(t) = t**3 + 27*t**2 - 34*t - 11. Give f(-28).
157
Let p(a) = 4*a**2 + 175*a - 35. Give p(-44).
9
Let a(t) = 25096*t - 552109. Give a(22).
3
Let u(b) = 4*b**2 + 44*b - 26. What is u(-9)?
-98
Let m(h) = -h**3 + 14*h**2 - 33*h + 13. Determine m(3).
13
Let r(w) = w**3 - 52*w**2 - 108*w + 4. Determine r(-2).
4
Let w(p) = -p**2 - 7284*p + 14565. What is w(2)?
-7
Let f(c) = -c**2 + 364*c + 1098. What is f(-3)?
-3
Let l(r) = -r**2 + 22*r - 282. Calculate l(0).
-282
Let j(x) = -5*x**3 + 105*x**2 - 310*x - 8. What is j(3)?
-128
Let w(z) = -z**2 + 136*z - 3028. Give w(28).
-4
Let s(x) = -10*x**3 - 66*x**2 + 30*x + 12. Calculate s(-7).
-2
Let m(o) = -11*o**3 - 78*o**2 - 5*o + 8. Calculate m(-7).
-6
Let s(u) = -28*u**2 - 289*u - 96. Give s(-10).
-6
Let l(t) = 6883*t - 20608. What is l(3)?
41
Let f(p) = p + 64. Give f(-63).
1
Let f(b) = -2*b**2 + 225*b - 1670. Determine f(8).
2
Let d(v) = v**3 + 14*v**2 - 213*v - 122. Give d(-23).
16
Let f(r) = r**2 + 176*r + 6898. What is f(-117)?
-5
Let q(c) = c**3 + c**2 + 4*c - 18. Give q(2).
2
Let k(o) = -11*o**2 - 79*o - 340. What is k(-4)?
-200
Let t(d) = -100*d - 299. Determine t(-3).
1
Let r(f) = -3*f**2 - 237*f + 963. Determine r(4).
-33
Let j(v) = v**2 + 13024*v + 65109. Give j(-5).
14
Let t(c) = c**3 - 34*c**2 + 4*c + 10. Give t(34).
146
Let s(o) = 2*o**2 + 65*o + 707. What is s(-15)?
182
Let s(r) = r**3 - 47*r**2 - 258*r + 78. What is s(52)?
182
Let h(y) = 158*y + 6202. Determine h(-39).
40
Let v(y) = -4*y**2 + 68*y + 101. Calculate v(18).
29
Let p(d) = -d**3 + d**2 + 22*d - 52. Calculate p(6).
-100
Let x(l) = -l**2 - 20*l - 94. Determine x(-14).
-10
Let j(z) = 55*z + 3099. Calculate j(-54).
129
Let a(y) = 7*y**2 + 16*y - 4. What is a(-2)?
-8
Let r(p) = p**2 + 23*p - 371. What is r(11)?
3
Let r(x) = 2*x**3 - 22*x**2 + 57*x. Calculate r(9).
189
Let g(b) = 3*b**3 - 19*b**2 + 27*b - 9. Give g(4).
-13
Let d(k) = k**2 - 9*k + 50. Determine d(10).
60
Let o(d) = 31*d + 887. What is o(-28)?
19
Let s(h) = 2*h**3 - 12*h**2 - 5*h + 34. Calculate s(6).
4
Let p(x) = -2*x**3 - 20*x**2 + 19*x + 103. What is p(-10)?
-87
Let q(r) = -3*r**3 - 7*r**2 + 10*r + 1. Determine q(3).
-113
Let u(i) = -i**2 - 9*i + 176. Determine u(-16).
64
Let z(o) = -o**2 - 57*o + 7574. Give z(-120).
14
Let m(b) = -338*b + 2665. Give m(8).
-39
Let g(r) = -2*r**2 - 8*r - 17. Calculate g(-4).
-17
Let b(g) = -g**3 - 8*g**2 + 9*g - 2. What is b(-4)?
-102
Let z(p) = -17*p - 290. Determine z(-17).
-1
Let l(p) = p**2 - 9*p + 19. What is l(6)?
1
Let f(z) = -22*z + 1012. Calculate f(43).
66
Let b(u) = u**3 - 11*u**2 + 7*u - 278. Determine b(12).
-50
Let r(g) = -138*g - 965. Give r(-7).
1
Let u(y) = -54*y**3 + 432*y**2 + 9*y - 75. Give u(8).
-3
Let r(d) = d**2 - 122*d - 96. What is r(0)?
-96
Let t(r) = -33*r**2 - 305*r + 17. Give t(-9).
89
Let o(h) = h**2 - 7*h - 59. What is o(10)?
-29
Let z(u) = u**3 + 3*u**2 + 13*u + 85. Calculate z(-3).
46
Let p(h) = h**3 + 14*h**2 + 31*h - 28. Determine p(-12).
-112
Let g(r) = 2*r**2 - 156*r - 155. What is g(79)?
3
Let u(l) = -6*l**3 - l**2 + 3*l - 18. Give u(-3).
126
Let t(r) = 13*r**2 - 18*r + 2. What is t(-3)?
173
Let p(d) = -20*d + 862. Determine p(54).
-218
Let p(n) = -n**3 - 3*n**2 - 9*n. Give p(-6).
162
Let k(z) = 14*z**3 + 2*z**2 - 1. Determine k(-1).
-13
Let f(d) = d**2 + 160*d + 6202. Calculate f(-94).
-2
Let u(g) = 2169*g + 30359. Determine u(-14).
-7
Let q(p) = 2*p**3 + 17*p**2 - 32*p - 10. Give q(-10).
10
Let w(n) = -11*n - 116. Calculate w(-2).
-94
Let z(i) = -i**3 + 19*i**2 - 37*i + 14. What is z(16)?
190
Let o(w) = w**3 - w**2 - 27*w + 12. Calculate o(5).
-23
Let t(d) = -3*d**2 + 7*d + 37. What is t(-4)?
-39
Let d(q) = 445*q + 14232. Calculate d(-32).
-8
Let u(k) = -k**3 - 5*k**2 - 25*k - 235. Calculate u(-7).
38
Let r(p) = p**2 - 132*p - 28410. Give r(247).
-5
Let m(l) = -17*l**3 + 221*l**2 - 3*l + 75. What is m(13)?
36
Let d(o) = 2*o**3 - 28*o**2 + 19*o - 12. Give d(14).
254
Let l(c) = -92*c + 621. What is l(7)?
-23
Let z(n) = n**2 - n - 1486. Calculate z(39).
-4
Let k(s) = s**3 - 4*s**2 - 339*s + 1. What is k(0)?
1
Let w(a) = -a**2 + 44*a - 229. Determine w(38).
-1
Let f(j) = j**3 - 16*j**2 + 29*j - 185. Determine f(15).
25
Let l(a) = -a**2 - 93*a + 2291. Give l(-113).
31
Let o(q) = 344*q - 2062. Give o(6).
2
Let r(k) = 29*k**2 - 4506*k + 1690. Determine r(155).
-15
Let k(j) = -2*j**3 + 28*j**2 - 7*j + 513. Determine k(15).
-42
Let s(o) = -o**2 + 5*o + 421. Give s(23).
7
Let u(t) = t**3 - 14*t**2 + 57*t + 25. Calculate u(5).
85
Let s(h) = h**2 - 40*h - 88. Give s(43).
41
Let z(c) = -c**3 + 146*c**2 - 5193*c + 691. Calculate z(85).
11
Let g(s) = -2*s**3 + 35*s**2 + 19*s - 317. Give g(17).
295
Let j(t) = 4*t**2 - 25*t - 88. Calculate j(-3).
23
Let i(q) = 97*q + 10759. Give i(-111).
-8
Let t(w) = -117*w + 148. Determine t(4).
-320
Let i(f) = f**3 + 9*f**2 - 70*f - 733. Determine i(-10).
-133
Let z(h) = -278*h + 7230. Give z(26).
2
Let u(x) = x**2 + 67*x - 944. Determine u(-79).
4
Let q(c) = c**3 + c**2 + 5*c + 34. Determine q(0).
34
Let x(a) = 17*a + 14. Give x(-6).
-88
Let a(l) = -31*l + 28. Calculate a(-1).
59
Let j(l) = 1022*l + 8212. Determine j(-8).
36
Let h(m) = -m**2 + 305*m - 15602. Give h(240).
-2
Let m(r) = 6*r**3 + 4*r**2 + r - 9. What is m(2)?
57
Let t(o) = 248*o**2 + 1995*o + 71. Give t(-8).
-17
Let x(o) = -29*o - 4068. Give x(-141).
21
Let l(a) = -332*a - 3. What is l(0)?
-3
Let j(r) = 50*r**3 - 2*r**2 + 27*r - 28. What is j(1)?
47
Let f(w) = 2*w**2 - 32*w + 6. What is f(11)?
-104
Let f(q) = 2*q**3 + 48*q**2 - 109*q - 49. Determine f(-26).
81
Let q(x) = -x**3 - 4*x**2 - 28*x + 127. Determine q(4).
-113
Let j(a) = -115*a - 50. Determine j(-3).
295
Let v(q) = 24*q**2 + 4*q + 1. Determine v(3).
229
Let x(h) = -h**3 - 2*h**2 - 820*h - 3306. Calculate x(-4).
6
Let s(a) = 1541*a + 7727. Determine s(-5).
22
Let c(u) = -4*u**2 - 23*u + 197. What is c(10)?
-433
Let h(i) = 213*i + 211. Give h(-1).
-2
Let m(f) = 8*f**2 + 31*f - 14. Give m(-5).
31
Let h(t) = 64*t + 1901. Give h(-29).
45
Let a(v) = -399*v - 91371. What is a(-229)?
0
Let h(i) = 2*i**2 - 199*i - 925. Determine h(104).
11
Let p(c) = -5*c**2 + 22*c + 69. Determine p(-3).
-42
Let k(z) = -z**3 + 19*z**2 + 28*z - 31. Calculate k(20).
129
Let q(r) = r**2 + 4*r + 13. Give q(4).
45
Let v(s) = -629*s - 1278. Give v(-2).
-20
Let y(g) = 2032*g - 8129. Determine y(4).
-1
Let j(s) = -2*s**2 - 77*s - 237. What is j(-35)?
8
Let x(y) = 84*y**3 - 2*y**2 + 10*y - 11. Determine x(2).
673
Let s(u) = 50*u - 2. Determine s(1).
48
Let t(p) = p**2 - 157*p + 2632. What is t(19)?
10
Let i(k) = k**3 + 189*k**2 - 11365*k + 2604. What is i(-237)?
-3
Let s(l) = l**3 + 97*l**2 + 191*l + 48. What is s(-95)?
-47
Let o(w) = w**3 - w**2 - 4*w - 36. Determine o(0).
-36
Let d(y) = y**3 - 4*y**2 - 9*y - 37. Determine d(6).
-19
Let l(b) = -36*b**3 + 2*b**2 - 5*b - 8. Give l(-1).
35
Let s(r) = -r**2 + r + 95. Determine s(-10).
-15
Let t(b) = -b**2 + 21*b - 1. What is t(0)?
-1
Let m(h) = 263*h - 11841. Calculate m(45).
-6
Let l(j) = 269*j - 2413. Give l(9).
8
Let i(k) = -70*k - 163. Determine i(-7).
327
Let s(x) = 98*x**3 + 1668*x**2 + 36*x + 31. Give s(-17).
-3
Let f(h) = -26*h**2 - 246*h + 10. What is f(-11)?
-430
Let i(k) = k**2 - 10*k - 3267. Calculate i(63).
72
Let q(y) = y**3 + 16*y**2 + 11*y - 6. Determine q(-13).
358
Let j(l) = -l**3 - 17*l**2 - 41*l + 24. What is j(-14)?
10
Let f(h) = -h**2 - 44*h - 158. Calculate f(-39).
37
Let d(x) = -x**3 + 8*x**2 - 5*x + 28. Calculate d(8).
-12
Let r(a) = -37*a**2 - 114*a - 6. Calculate r(-4).
-142
Let p(z) = 265*z - 2300. Determine p(9).
85
Let s(x) = -11*x**2 + 597*x - 83. Calculate s(54).
79
Let v(o) = 80*o - 2396. Determine v(30).
4
Let v(j) = j**2 - 7*j - 23. Determine v(10).
7
Let i(v) = 20*v + 114. Determine i(0).
114
Let j(x) = -24*x + 1424. Give j(58).
32
Let f(y) = -y**2 + 29*y + 904. Calculate f(45).
184
Let v(q) = q**2 - 9*q - 576. Determine v(-20).
4
Let a(t) = 3*t**3 - 37*t**2 + 61*t - 174. Give a(11).
13
Let l(j) = -37